{"id":19,"date":"2020-06-04T16:52:57","date_gmt":"2020-06-04T16:52:57","guid":{"rendered":"http:\/\/enjust.net\/?page_id=19"},"modified":"2025-01-14T11:00:32","modified_gmt":"2025-01-14T11:00:32","slug":"uber-enjust","status":"publish","type":"page","link":"https:\/\/enjust.net\/es\/uber-enjust\/","title":{"rendered":"Acerca de EnJust"},"content":{"rendered":"\n<p>Somos una red din\u00e1mica que sensibiliza sobre cuestiones de justicia medioambiental y reforzamos la participaci\u00f3n democr\u00e1tica de los afectados por los problemas medioambientales. Ponemos en contacto a agentes de la investigaci\u00f3n, la pol\u00edtica y la planificaci\u00f3n, y la sociedad civil. Creemos que la investigaci\u00f3n debe abordar retos reales y apremiantes y llevarse a cabo en cooperaci\u00f3n con socios y partes interesadas. Creamos espacios de comunicaci\u00f3n anal\u00f3gicos y digitales e iniciamos investigaciones en colaboraci\u00f3n.<\/p>\n\n\n\n<h2 class=\"wp-block-heading\">Declaraci\u00f3n de objetivos<\/h2>\n\n\n\n<p>El deterioro del clima y las m\u00faltiples crisis medioambientales afectan a distintos grupos demogr\u00e1ficos de diversas maneras, creando malos resultados sanitarios y pobreza para miles de millones de personas. En muchos lugares, los inquilinos con rentas bajas que viven en las proximidades de carreteras muy transitadas est\u00e1n expuestos a emisiones significativamente m\u00e1s altas que el resto de la poblaci\u00f3n local. En todo el mundo, los estudiantes y sus padres salen a la calle para exigir medidas eficaces contra el cambio clim\u00e1tico, abogando por la justicia intergeneracional y clim\u00e1tica. En Francia, por otra parte, decenas de miles de personas protestan contra la aplicaci\u00f3n de impuestos sobre el carbono. Y en un Tribunal Regional de Alemania, un peque\u00f1o agricultor peruano est\u00e1 demandando al grupo energ\u00e9tico RWE por amenazar su subsistencia con todo el CO2 emitido por la empresa en Alemania. Estos ejemplos muestran c\u00f3mo las crisis medioambientales y clim\u00e1ticas han pasado a formar parte de nuestra vida cotidiana. Plantean nuevas cuestiones de distribuci\u00f3n y justicia que no son f\u00e1ciles de responder y que deben debatirse con una amplia participaci\u00f3n de los agentes sociales. Esto se debe a que la estrategia hacia futuros m\u00e1s deseables para muchos (no para unos pocos) cuestiona los modos de vida de todos y los modelos de desarrollo predominantes, y desaf\u00eda fundamentalmente las din\u00e1micas de poder existentes controladas por unos pocos.<\/p>\n\n\n\n<p>El objetivo de la red EnJust es fomentar el intercambio entre investigaci\u00f3n, pol\u00edtica, econom\u00eda y sociedad civil. La transformaci\u00f3n actual nos obliga a escucharnos y aprender unos de otros. Las cuestiones de justicia medioambiental y clim\u00e1tica son complejas. Por ello, creemos que es necesario estar atentos a las diferentes perspectivas y basarnos en ellas, buscando puntos en com\u00fan y justicia en nuestras interpretaciones. Dado que son pocos los formatos que promueven el intercambio entre disciplinas sobre justicia medioambiental y clim\u00e1tica, hemos decidido contribuir a reducir esta brecha. Esta plataforma, por lo tanto, proporciona nuevos impulsos para diversas colaboraciones entre la ciencia y la pr\u00e1ctica y apoya la investigaci\u00f3n multidisciplinaria conjunta que promueve un cambio real en el mundo real.<\/p>\n\n\n\n<p>En concreto, la red EnJust quiere fomentar la investigaci\u00f3n innovadora, el di\u00e1logo entre m\u00faltiples partes interesadas y la acci\u00f3n eficaz en las siguientes cuestiones de justicia medioambiental y clim\u00e1tica:<\/p>\n\n\n\n<ul class=\"wp-block-list\">\n<li>\u00bfQui\u00e9n o qu\u00e9 est\u00e1 experimentando nuevas o agravadas formas de injusticia como resultado del r\u00e1pido cambio clim\u00e1tico y\/o medioambiental?<\/li>\n\n\n\n<li>\u00bfQu\u00e9 pol\u00edticas y procesos sociales y econ\u00f3micos, y a qu\u00e9 escala, pueden contribuir a un reparto m\u00e1s justo de la responsabilidad del cambio clim\u00e1tico y medioambiental?<\/li>\n\n\n\n<li>\u00bfCu\u00e1les son las formas innovadoras de comunicar sobre la injusticia medioambiental y las respuestas basadas en la justicia a las crisis clim\u00e1ticas y medioambientales?<\/li>\n<\/ul>\n\n\n\n<h2 class=\"wp-block-heading\"><strong>Ciencia y activismo<\/strong><\/h2>\n\n\n\n<p>En la red EnJust debatimos constantemente cuestiones sobre el papel de la ciencia en relaci\u00f3n con el activismo, los sistemas de conocimiento alternativos y el pensamiento en el contexto de la justicia medioambiental. Dentro de la red hay un amplio abanico de opiniones, lo que aporta una bienvenida diversidad de enfoques al debate.<\/p>\n\n\n\n<hr class=\"wp-block-separator has-alpha-channel-opacity\"\/>\n\n\n\n<h2 class=\"wp-block-heading\">Historia de la red<\/h2>\n\n\n\n<p>La red EnJust fue iniciada en 2018 en el Departamento de Geograf\u00eda de la Universidad Christian-Albrechts de Kiel por <a href=\"https:\/\/www.marinesocialscience.uni-kiel.de\/en\/team\/prof-dr-silja-klepp?set_language=en\" target=\"_blank\" rel=\"noreferrer noopener\">Silja Klepp<\/a>,\u00a0<a href=\"https:\/\/www.kulturgeo.uni-kiel.de\/en\/staff\/florian-duenckmann?set_language=en\" target=\"_blank\" rel=\"noreferrer noopener\">Florian D\u00fcnckmann<\/a>\u00a0y\u00a0<a href=\"https:\/\/www.idos-research.de\/en\/jonas-hein\/\" target=\"_blank\" rel=\"noreferrer noopener\">Jonas Hein<\/a>. Los miembros fundadores, en su mayor\u00eda acad\u00e9micos, incluyen ge\u00f3grafos, abogados, fil\u00f3sofos y polit\u00f3logos. Como primer paso, este grupo organiz\u00f3 una conferencia internacional sobre justicia medioambiental, que reuni\u00f3 a profesionales, artistas y cient\u00edficos de diversas disciplinas en Kiel en junio de 2019. Esta conferencia, en la que el sitio web tambi\u00e9n se puso oficialmente en l\u00ednea, cre\u00f3 un primer espacio de comunicaci\u00f3n anal\u00f3gico. En el futuro, esperamos un intercambio din\u00e1mico tanto en l\u00ednea como presencial.<\/p>\n","protected":false},"excerpt":{"rendered":"<p>Somos una red din\u00e1mica que sensibiliza sobre cuestiones de justicia medioambiental y reforzamos la participaci\u00f3n democr\u00e1tica de los afectados por los problemas medioambientales. Ponemos en contacto a agentes de la investigaci\u00f3n, la pol\u00edtica y la planificaci\u00f3n, y la sociedad civil. Creemos que la investigaci\u00f3n debe abordar retos reales y apremiantes y llevarse a cabo en cooperaci\u00f3n con socios y partes interesadas. Creamos espacios de comunicaci\u00f3n anal\u00f3gicos y digitales e iniciamos investigaciones en colaboraci\u00f3n. Declaraci\u00f3n de objetivos El deterioro del clima y las m\u00faltiples crisis medioambientales afectan a distintos grupos demogr\u00e1ficos de diversas maneras, creando malos resultados sanitarios y pobreza para&#8230; <\/p>\n","protected":false},"author":1,"featured_media":107,"parent":0,"menu_order":0,"comment_status":"closed","ping_status":"closed","template":"","meta":{"footnotes":""},"class_list":["post-19","page","type-page","status-publish","has-post-thumbnail","hentry"],"translation":{"provider":"WPGlobus","version":"3.0.2","language":"es","enabled_languages":["en","de","es"],"languages":{"en":{"title":true,"content":true,"excerpt":false},"de":{"title":true,"content":true,"excerpt":false},"es":{"title":true,"content":true,"excerpt":false}}},"yoast_head":"<!-- This site is optimized with the Yoast SEO plugin v27.4 - https:\/\/yoast.com\/product\/yoast-seo-wordpress\/ -->\n<title>Acerca de EnJust -<\/title>\n<meta name=\"robots\" content=\"index, follow, max-snippet:-1, max-image-preview:large, max-video-preview:-1\" \/>\n<link rel=\"canonical\" href=\"https:\/\/enjust.net\/uber-enjust\/\" \/>\n<meta property=\"og:locale\" content=\"es_ES\" \/>\n<meta property=\"og:type\" content=\"article\" \/>\n<meta property=\"og:title\" content=\"Acerca de EnJust -\" \/>\n<meta property=\"og:url\" content=\"https:\/\/enjust.net\/uber-enjust\/\" \/>\n<meta property=\"article:modified_time\" content=\"2025-01-14T11:00:32+00:00\" \/>\n<meta property=\"og:image\" content=\"https:\/\/enjust.net\/wp-content\/uploads\/2020\/06\/tim-gouw-209217-unsplash-1-1024x683-schmaler.jpg\" \/>\n\t<meta property=\"og:image:width\" content=\"1024\" \/>\n\t<meta property=\"og:image:height\" content=\"379\" \/>\n\t<meta property=\"og:image:type\" content=\"image\/jpeg\" \/>\n<meta name=\"twitter:card\" content=\"summary_large_image\" \/>\n<meta name=\"twitter:label1\" content=\"Tiempo de lectura\" \/>\n\t<meta name=\"twitter:data1\" content=\"3 minutos\" \/>\n<script type=\"application\/ld+json\" class=\"yoast-schema-graph\">{\"@context\":\"https:\\\/\\\/schema.org\",\"@graph\":[{\"@type\":\"WebPage\",\"@id\":\"https:\\\/\\\/enjust.net\\\/uber-enjust\\\/\",\"url\":\"https:\\\/\\\/enjust.net\\\/uber-enjust\\\/\",\"name\":\"Acerca de EnJust -\",\"isPartOf\":{\"@id\":\"https:\\\/\\\/enjust.net\\\/de\\\/#website\"},\"primaryImageOfPage\":{\"@id\":\"https:\\\/\\\/enjust.net\\\/uber-enjust\\\/#primaryimage\"},\"image\":{\"@id\":\"https:\\\/\\\/enjust.net\\\/uber-enjust\\\/#primaryimage\"},\"thumbnailUrl\":\"https:\\\/\\\/enjust.net\\\/wp-content\\\/uploads\\\/2020\\\/06\\\/tim-gouw-209217-unsplash-1-1024x683-schmaler.jpg\",\"datePublished\":\"2020-06-04T16:52:57+00:00\",\"dateModified\":\"2025-01-14T11:00:32+00:00\",\"breadcrumb\":{\"@id\":\"https:\\\/\\\/enjust.net\\\/uber-enjust\\\/#breadcrumb\"},\"inLanguage\":\"es\",\"potentialAction\":[{\"@type\":\"ReadAction\",\"target\":[\"https:\\\/\\\/enjust.net\\\/uber-enjust\\\/\"]}]},{\"@type\":\"ImageObject\",\"inLanguage\":\"es\",\"@id\":\"https:\\\/\\\/enjust.net\\\/uber-enjust\\\/#primaryimage\",\"url\":\"https:\\\/\\\/enjust.net\\\/wp-content\\\/uploads\\\/2020\\\/06\\\/tim-gouw-209217-unsplash-1-1024x683-schmaler.jpg\",\"contentUrl\":\"https:\\\/\\\/enjust.net\\\/wp-content\\\/uploads\\\/2020\\\/06\\\/tim-gouw-209217-unsplash-1-1024x683-schmaler.jpg\",\"width\":1024,\"height\":379},{\"@type\":\"BreadcrumbList\",\"@id\":\"https:\\\/\\\/enjust.net\\\/uber-enjust\\\/#breadcrumb\",\"itemListElement\":[{\"@type\":\"ListItem\",\"position\":1,\"name\":\"Startseite\",\"item\":\"https:\\\/\\\/enjust.net\\\/\"},{\"@type\":\"ListItem\",\"position\":2,\"name\":\"About EnJust\"}]},{\"@type\":\"WebSite\",\"@id\":\"https:\\\/\\\/enjust.net\\\/de\\\/#website\",\"url\":\"https:\\\/\\\/enjust.net\\\/de\\\/\",\"name\":\"\",\"description\":\"\",\"potentialAction\":[{\"@type\":\"SearchAction\",\"target\":{\"@type\":\"EntryPoint\",\"urlTemplate\":\"https:\\\/\\\/enjust.net\\\/de\\\/?s={search_term_string}\"},\"query-input\":{\"@type\":\"PropertyValueSpecification\",\"valueRequired\":true,\"valueName\":\"search_term_string\"}}],\"inLanguage\":\"es\"}]}<\/script>\n<!-- \/ Yoast SEO plugin. -->","yoast_head_json":{"title":"Acerca de EnJust -","robots":{"index":"index","follow":"follow","max-snippet":"max-snippet:-1","max-image-preview":"max-image-preview:large","max-video-preview":"max-video-preview:-1"},"canonical":"https:\/\/enjust.net\/uber-enjust\/","og_locale":"es_ES","og_type":"article","og_title":"Acerca de EnJust -","og_url":"https:\/\/enjust.net\/uber-enjust\/","article_modified_time":"2025-01-14T11:00:32+00:00","og_image":[{"width":1024,"height":379,"url":"https:\/\/enjust.net\/wp-content\/uploads\/2020\/06\/tim-gouw-209217-unsplash-1-1024x683-schmaler.jpg","type":"image\/jpeg"}],"twitter_card":"summary_large_image","twitter_misc":{"Tiempo de lectura":"3 minutos"},"schema":{"@context":"https:\/\/schema.org","@graph":[{"@type":"WebPage","@id":"https:\/\/enjust.net\/uber-enjust\/","url":"https:\/\/enjust.net\/uber-enjust\/","name":"Acerca de EnJust -","isPartOf":{"@id":"https:\/\/enjust.net\/de\/#website"},"primaryImageOfPage":{"@id":"https:\/\/enjust.net\/uber-enjust\/#primaryimage"},"image":{"@id":"https:\/\/enjust.net\/uber-enjust\/#primaryimage"},"thumbnailUrl":"https:\/\/enjust.net\/wp-content\/uploads\/2020\/06\/tim-gouw-209217-unsplash-1-1024x683-schmaler.jpg","datePublished":"2020-06-04T16:52:57+00:00","dateModified":"2025-01-14T11:00:32+00:00","breadcrumb":{"@id":"https:\/\/enjust.net\/uber-enjust\/#breadcrumb"},"inLanguage":"es","potentialAction":[{"@type":"ReadAction","target":["https:\/\/enjust.net\/uber-enjust\/"]}]},{"@type":"ImageObject","inLanguage":"es","@id":"https:\/\/enjust.net\/uber-enjust\/#primaryimage","url":"https:\/\/enjust.net\/wp-content\/uploads\/2020\/06\/tim-gouw-209217-unsplash-1-1024x683-schmaler.jpg","contentUrl":"https:\/\/enjust.net\/wp-content\/uploads\/2020\/06\/tim-gouw-209217-unsplash-1-1024x683-schmaler.jpg","width":1024,"height":379},{"@type":"BreadcrumbList","@id":"https:\/\/enjust.net\/uber-enjust\/#breadcrumb","itemListElement":[{"@type":"ListItem","position":1,"name":"Startseite","item":"https:\/\/enjust.net\/"},{"@type":"ListItem","position":2,"name":"About EnJust"}]},{"@type":"WebSite","@id":"https:\/\/enjust.net\/de\/#website","url":"https:\/\/enjust.net\/de\/","name":"","description":"","potentialAction":[{"@type":"SearchAction","target":{"@type":"EntryPoint","urlTemplate":"https:\/\/enjust.net\/de\/?s={search_term_string}"},"query-input":{"@type":"PropertyValueSpecification","valueRequired":true,"valueName":"search_term_string"}}],"inLanguage":"es"}]}},"_links":{"self":[{"href":"https:\/\/enjust.net\/es\/wp-json\/wp\/v2\/pages\/19","targetHints":{"allow":["GET"]}}],"collection":[{"href":"https:\/\/enjust.net\/es\/wp-json\/wp\/v2\/pages"}],"about":[{"href":"https:\/\/enjust.net\/es\/wp-json\/wp\/v2\/types\/page"}],"author":[{"embeddable":true,"href":"https:\/\/enjust.net\/es\/wp-json\/wp\/v2\/users\/1"}],"replies":[{"embeddable":true,"href":"https:\/\/enjust.net\/es\/wp-json\/wp\/v2\/comments?post=19"}],"version-history":[{"count":34,"href":"https:\/\/enjust.net\/es\/wp-json\/wp\/v2\/pages\/19\/revisions"}],"predecessor-version":[{"id":3674,"href":"https:\/\/enjust.net\/es\/wp-json\/wp\/v2\/pages\/19\/revisions\/3674"}],"wp:featuredmedia":[{"embeddable":true,"href":"https:\/\/enjust.net\/es\/wp-json\/wp\/v2\/media\/107"}],"wp:attachment":[{"href":"https:\/\/enjust.net\/es\/wp-json\/wp\/v2\/media?parent=19"}],"curies":[{"name":"wp","href":"https:\/\/api.w.org\/{rel}","templated":true}]}}

<p>Somos una red dinámica que sensibiliza sobre cuestiones de justicia medioambiental y reforzamos la participación democrática de los afectados por los problemas medioambientales. Ponemos en contacto a agentes de la investigación, la política y la planificación, y la sociedad civil. Creemos que la investigación debe abordar retos reales y apremiantes y llevarse a cabo en cooperación con socios y partes interesadas. Creamos espacios de comunicación analógicos y digitales e iniciamos investigaciones en colaboración.</p>



<h2 class="wp-block-heading">Declaración de objetivos</h2>



<p>El deterioro del clima y las múltiples crisis medioambientales afectan a distintos grupos demográficos de diversas maneras, creando malos resultados sanitarios y pobreza para miles de millones de personas. En muchos lugares, los inquilinos con rentas bajas que viven en las proximidades de carreteras muy transitadas están expuestos a emisiones significativamente más altas que el resto de la población local. En todo el mundo, los estudiantes y sus padres salen a la calle para exigir medidas eficaces contra el cambio climático, abogando por la justicia intergeneracional y climática. En Francia, por otra parte, decenas de miles de personas protestan contra la aplicación de impuestos sobre el carbono. Y en un Tribunal Regional de Alemania, un pequeño agricultor peruano está demandando al grupo energético RWE por amenazar su subsistencia con todo el CO2 emitido por la empresa en Alemania. Estos ejemplos muestran cómo las crisis medioambientales y climáticas han pasado a formar parte de nuestra vida cotidiana. Plantean nuevas cuestiones de distribución y justicia que no son fáciles de responder y que deben debatirse con una amplia participación de los agentes sociales. Esto se debe a que la estrategia hacia futuros más deseables para muchos (no para unos pocos) cuestiona los modos de vida de todos y los modelos de desarrollo predominantes, y desafía fundamentalmente las dinámicas de poder existentes controladas por unos pocos.</p>



<p>El objetivo de la red EnJust es fomentar el intercambio entre investigación, política, economía y sociedad civil. La transformación actual nos obliga a escucharnos y aprender unos de otros. Las cuestiones de justicia medioambiental y climática son complejas. Por ello, creemos que es necesario estar atentos a las diferentes perspectivas y basarnos en ellas, buscando puntos en común y justicia en nuestras interpretaciones. Dado que son pocos los formatos que promueven el intercambio entre disciplinas sobre justicia medioambiental y climática, hemos decidido contribuir a reducir esta brecha. Esta plataforma, por lo tanto, proporciona nuevos impulsos para diversas colaboraciones entre la ciencia y la práctica y apoya la investigación multidisciplinaria conjunta que promueve un cambio real en el mundo real.</p>



<p>En concreto, la red EnJust quiere fomentar la investigación innovadora, el diálogo entre múltiples partes interesadas y la acción eficaz en las siguientes cuestiones de justicia medioambiental y climática:</p>



<ul class="wp-block-list">
<li>¿Quién o qué está experimentando nuevas o agravadas formas de injusticia como resultado del rápido cambio climático y/o medioambiental?</li>



<li>¿Qué políticas y procesos sociales y económicos, y a qué escala, pueden contribuir a un reparto más justo de la responsabilidad del cambio climático y medioambiental?</li>



<li>¿Cuáles son las formas innovadoras de comunicar sobre la injusticia medioambiental y las respuestas basadas en la justicia a las crisis climáticas y medioambientales?</li>
</ul>



<h2 class="wp-block-heading"><strong>Ciencia y activismo</strong></h2>



<p>En la red EnJust debatimos constantemente cuestiones sobre el papel de la ciencia en relación con el activismo, los sistemas de conocimiento alternativos y el pensamiento en el contexto de la justicia medioambiental. Dentro de la red hay un amplio abanico de opiniones, lo que aporta una bienvenida diversidad de enfoques al debate.</p>



<hr class="wp-block-separator has-alpha-channel-opacity"/>



<h2 class="wp-block-heading">Historia de la red</h2>



<p>La red EnJust fue iniciada en 2018 en el Departamento de Geografía de la Universidad Christian-Albrechts de Kiel por <a href="https://www.marinesocialscience.uni-kiel.de/en/team/prof-dr-silja-klepp?set_language=en" target="_blank" rel="noreferrer noopener">Silja Klepp</a>, <a href="https://www.kulturgeo.uni-kiel.de/en/staff/florian-duenckmann?set_language=en" target="_blank" rel="noreferrer noopener">Florian Dünckmann</a> y <a href="https://www.idos-research.de/en/jonas-hein/" target="_blank" rel="noreferrer noopener">Jonas Hein</a>. Los miembros fundadores, en su mayoría académicos, incluyen geógrafos, abogados, filósofos y politólogos. Como primer paso, este grupo organizó una conferencia internacional sobre justicia medioambiental, que reunió a profesionales, artistas y científicos de diversas disciplinas en Kiel en junio de 2019. Esta conferencia, en la que el sitio web también se puso oficialmente en línea, creó un primer espacio de comunicación analógico. En el futuro, esperamos un intercambio dinámico tanto en línea como presencial.</p>

<p>Somos una red dinámica que sensibiliza sobre cuestiones de justicia medioambiental y reforzamos la participación democrática de los afectados por los problemas medioambientales. Ponemos en contacto a agentes de la investigación, la política y la planificación, y la sociedad civil. Creemos que la investigación debe abordar retos reales y apremiantes y llevarse a cabo en cooperación con socios y partes interesadas. Creamos espacios de comunicación analógicos y digitales e iniciamos investigaciones en colaboración. Declaración de objetivos El deterioro del clima y las múltiples crisis medioambientales afectan a distintos grupos demográficos de diversas maneras, creando malos resultados sanitarios y pobreza para&#8230; </p>
